. Suppose -225 = 3*h - j*h. What is the highest common divisor of 5 and h?
5
Let k be 2/(8/6)*18. Let g be 2/(-9) - (-60)/k. Let x(w) = -w**3 - 3*w**2 - 4*w - 2. Let t be x(-3). Calculate the greatest common factor of t and g.
2
Suppose 4*z = -0*z + 8. Suppose -z*c - 4*f = -12, 4*f + 23 - 3 = 2*c. What is the highest common divisor of 32 and c?
8
Let g(u) = -u**3 + 6*u**2 + 2*u - 9. Let v be g(6). Suppose -f - 6 = f, v*y - 21 = -f. What is the greatest common factor of y and 24?
8
Let j(x) = x**3 + 6*x**2 - 4*x**2 - 10*x + 6*x**2 - 8. Let v be j(-9). Let k(i) = 71*i - 1. Let a be k(v). What is the greatest common factor of 10 and a?
10
Suppose -x + 5*x - 3*s = 23, 0 = x - 2*s - 2. What is the greatest common divisor of 72 and x?
8
Suppose -5*o = 5*m, -o + 4*o = -5*m - 4. Let g(k) = o - 5 - 31*k + 2. Let j be g(-5). Calculate the greatest common divisor of j and 14.
14
Suppose -4*g = -6*g - 8, -4*g = -5*u + 76. What is the greatest common factor of 108 and u?
12
Let a = -230 - -434. Calculate the highest common factor of a and 12.
12
Let z be (-416)/9 - (-2)/9. Let a = -31 - z. Suppose u - 7 = -4. Calculate the highest common divisor of a and u.
3
Suppose y - 24 - 33 = 2*a, 2*y - 5*a - 117 = 0. Let p = 99 - y. Calculate the highest common factor of 16 and p.
16
Let w(j) = 91*j**2 - 1. Let f be w(-1). What is the greatest common divisor of f and 15?
15
Let y be ((-8)/3)/((-4)/6). Let q be 3 - y - (-334 + -1). Let p be 10/35 - q/(-7). What is the greatest common factor of 6 and p?
6
Let g = 12 - 7. Let h = 29 - 24. What is the highest common divisor of g and h?
5
Suppose 5*x = t - 95, 221 = 5*t - 2*x - 231. What is the highest common divisor of 36 and t?
18
Let v(b) = b**2 - 8*b + 8. Let p be v(10). Let m be 1 - 2*(1 - 4). What is the greatest common divisor of m and p?
7
Suppose 2*d - d = 3. Let g be ((-1)/2)/((-2)/28) + -1. What is the greatest common factor of g and d?
3
Let p(d) = 5 - 1 - d**2 + 10*d + 0 - 2. Let m be p(8). What is the greatest common divisor of 90 and m?
18
Let k = -4 + 5. Let l be -2*(k + -2)*-6. Let q be (-12)/10*(2 + l). Calculate the greatest common factor of q and 12.
12
Let v = -117 + 172. What is the highest common factor of 11 and v?
11
Suppose -2*h = 2*p + 28, 8 = -2*p + 2*h - 16. Let d = p - -41. Suppose 124 - 6 = 3*x - 2*i, -i + 46 = x. Calculate the greatest common factor of d and x.
14
Suppose 119 - 133 = -c. Calculate the highest common divisor of 7 and c.
7
Suppose 3*f - 82 = 11. Suppose -5*z + f = -69. What is the highest common factor of 80 and z?
20
Suppose -3*r = 3*h - 15, -2*h = -5*r + 4*r - 22. Suppose 3*i + 2*v - 9 = 0, -i - 3*v = 3*i - 13. What is the greatest common divisor of h and i?
1
Let h(f) = -22*f**3 - f**2 + f + 1. Let r be h(-1). Calculate the greatest common factor of 7 and r.
7
Let i(y) = 0 - y - y - 3 - 3*y. Let d be i(-3). What is the greatest common divisor of 60 and d?
12
Suppose 3*o = 5*w - 209, 4*w - o - 7 - 156 = 0. Let r = -53 + 58. Calculate the greatest common factor of w and r.
5
Let v(b) = 14*b + 2. Let x(z) = z**3 - 4*z**2 - 4*z - 4. Let y be x(5). Let s be v(y). What is the highest common divisor of s and 80?
16
Let x = -13 + 9. Let i = x - -18. What is the greatest common divisor of 56 and i?
14
Suppose 0 = -2*d + 3*r - 17, 4*d = -5*r - 1. Let a(p) = 3*p**2 + p - 4. Let y be a(d). Calculate the highest common factor of 100 and y.
20
Let a(c) = 92*c + 2. Let u be a(-4). Let y be (-1 - 0) + u/(-3). Suppose 3*t - n - 14 = 2*t, 3*n = 4*t - 53. What is the greatest common factor of y and t?
11
Suppose y - 4*y - 5*h = -58, 0 = -3*h + 15. Let p = 91 - 0. Let x = -36 + p. What is the highest common factor of x and y?
11
Let l = -83 - -86. Calculate the highest common divisor of 12 and l.
3
Let t(x) = x - 5. Let n be t(10). Suppose -3*r = -5*k + 15, -r + 3 = k - n*r. What is the highest common divisor of 2 and k?
1
Let s(x) = -17*x - 1. Let h be s(-1). Let u = -7 + 10. Suppose 5*p - u*p = h. What is the greatest common divisor of 24 and p?
8
Let x(c) = 2*c**3 - 6*c**2 + 2*c - 8. Let h be x(4). Let z be (3 + h/(-6))*-30. Let f = 2 + 8. What is the greatest common divisor of f and z?
10
Let n be 2/(-4) - 2/((-8)/326). Let i = -9 + 18. What is the highest common factor of i and n?
9
Suppose -5*l - b + 2*b = -230, 2*l - 5*b = 92. Suppose -40 = d + d. Let q = d + l. What is the highest common factor of q and 13?
13
Let j = -20 - -56. What is the greatest common divisor of j and 4?
4
Suppose -u + 3*h + 73 = 0, h = 6*u - u - 435. Calculate the greatest common divisor of u and 11.
11
Let v be 6/(-15) - 112/(-5). Calculate the greatest common divisor of 242 and v.
22
Suppose 2*c - 6 = 30. Calculate the highest common factor of 2 and c.
2
Suppose 8 + 10 = 3*r. Let z be 2/r + (-239)/(-3). What is the highest common factor of 10 and z?
10
Suppose i = 2 + 2, 0 = -5*h - 2*i + 63. Let g = 16 - -17. Let j be 6/g - 720/(-33). Calculate the greatest common factor of h and j.
11
Let q be (5 - 4)/((-1)/(-31)). Let l = q - 16. Calculate the greatest common factor of 75 and l.
15
Let u = -2 + 3. Suppose -40 = 6*n - 11*n. Suppose -3*b = -4*s - n, 3*b - 7 = s + 4*s. Calculate the greatest common factor of u and s.
1
Let k = -328 - -70. Let x be k/(-5) - (-21)/(-35). Calculate the highest common factor of 34 and x.
17
Let h be 57 - ((-3 - -1) + 1). Suppose 4*q - 16 + 0 = 0. Suppose 5*l + h = a - 1, q*l = -16. What is the greatest common divisor of 13 and a?
13
Let m = -12 - 31. Let k = -23 - m. What is the highest common factor of k and 60?
20
Let u(r) = -r**2 - 11*r - 8. Let d be u(-8). Let z = 44 - d. What is the highest common factor of 70 and z?
14
Suppose l + 3*v - 2 = -v, -l = 3*v - 2. Let m be 2 + 4/(2/l). What is the greatest common factor of 6 and m?
6
Suppose 0 = n - g - 138 - 139, -5*n + 1373 = g. Let i(r) = -r**3 - 7*r**2 - 4*r - 3. Let u be i(-7). Calculate the highest common divisor of u and n.
25
Let r be (15 - -3)/(0 + 1). Let v be 1 + (143 - (-1 - -1)). Calculate the highest common divisor of r and v.
18
Suppose 4*r + 9 = 57. Suppose 5*x - 2 = -32. Let w be 60*(-5)/(75/x). Calculate the greatest common divisor of r and w.
12
Let q(c) = c**2 + 3*c. Let z be q(-3). Suppose z*a - 3*a = -201. Suppose b - 61 = a. What is the highest common factor of 16 and b?
16
Let y(h) = -h**3 + 8*h**2 + 4*h - 12. Let d be y(8). Let g(v) = 9*v**2 + 3*v. Let b be g(-2). What is the highest common factor of b and d?
10
Suppose 48 = 3*z - 2*f, z + z - 3*f - 32 = 0. What is the greatest common divisor of 24 and z?
8
Let v(p) = p**3 + p**2 + p + 4. Let d be v(0). Suppose -2*l - 4 = -12. What is the highest common factor of l and d?
4
Let f(c) be the second derivative of 2*c**3/3 - 4*c**2 + 7*c. Let w be f(4). Calculate the highest common divisor of 32 and w.
8
Suppose n = -n + 14. Let j be -8 + n - 16/(-1). What is the greatest common divisor of j and 60?
15
Let k be 9 + (0/1 - 3). Calculate the greatest common factor of 6 and k.
6
Suppose 2*g = 61 + 3. Suppose 0 = -s + 5*s - g. Calculate the greatest common factor of s and 64.
8
Let w = 4 - -10. Suppose 5*s - 3*q - 20 = 0, s - q = -2*q + 12. Calculate the highest common factor of w and s.
7
Let q be (36/10)/((-2)/(-10)). Let w = 42 - q. Let d(l) = -l**3 - 4*l**2 - 6*l. Let a be d(-4). What is the highest common divisor of w and a?
24
Suppose 5*l + 2*r = 7, 0 = l + 2*l + 3*r - 6. Let w = l + 7. Suppose -h = h - 4*s + 12, 0 = -3*s + 12. Calculate the highest common factor of w and h.
2
Let p be (8/6)/(22/33). Let s(l) = -l - 4. Let d be s(-6). What is the highest common factor of p and d?
2
Let i = -19 - -79. What is the highest common factor of i and 24?
12
Suppose -4*j - 5*w + 21 = -18, 4*w - 6 = j. Let y = -90 + 50. Let d = y + 58. Calculate the greatest common factor of j and d.
6
Suppose 3*v - 158 = z, -3*z + 0*z = -12. What is the greatest common factor of 6 and v?
6
Let x be (-533)/9 - 6/(-27). Let b = -29 - x. Let a = 214 - 139. What is the greatest common factor of b and a?
15
Suppose 7*x + 102 = 9*x. What is the greatest common factor of x and 34?
17
Suppose 0 = 2*t - 5*x - 227, -5*t - x + 620 = 4*x. Calculate the greatest common divisor of 11 and t.
11
Suppose -4*k + 13 = 133. Let l = k + 42. Let t(f) = -3*f. Let p be t(-8). Calculate the highest commo